{"id":9844,"date":"2013-05-03T18:06:58","date_gmt":"2013-05-03T15:06:58","guid":{"rendered":"https:\/\/kulturasindustrija.lv\/blogs\/?page_id=9844"},"modified":"2014-08-02T14:25:05","modified_gmt":"2014-08-02T11:25:05","slug":"atbalstitajiem","status":"publish","type":"page","link":"https:\/\/kulturasindustrija.lv\/blogs\/kulturas-dizains\/kulturasindustrija-autora-sleja\/atbalstitajiem\/","title":{"rendered":"Atbalst\u012bt\u0101jiem"},"content":{"rendered":"<p><img loading=\"lazy\" decoding=\"async\" src=\"https:\/\/kulturasindustrija.lv\/blogs\/wp-content\/uploads\/2013\/03\/KULTURASIN-LOGO-300x300-150x150.png\" alt=\"Rado\u0161\u0101 kult\u016bras industrija. Rado\u0161\u0101s izdomas un biznesa potenci\u0101la p\u0101rmijas sazi\u0146\u0101 vid\u0113 un kult\u016br\u0101 \/ m\u0101rketinga un rekl\u0101mas kampa\u0146as internet\u0101\" width=\"150\" height=\"150\" class=\"alignleft size-thumbnail wp-image-8790\" srcset=\"https:\/\/kulturasindustrija.lv\/blogs\/wp-content\/uploads\/2013\/03\/KULTURASIN-LOGO-300x300-150x150.png 150w, https:\/\/kulturasindustrija.lv\/blogs\/wp-content\/uploads\/2013\/03\/KULTURASIN-LOGO-300x300.png 300w\" sizes=\"auto, (max-width: 150px) 100vw, 150px\" \/><br \/>Iesp\u0113jams, Tevi p\u0101rsteigs zi\u0146a, ka ien\u0101kumi no rekl\u0101mvides sp\u0113j segt tikai nelielu da\u013cu no izdevumiem, kuri saist\u0101s ar neliela vai vid\u0113ja apjoma rado\u0161\u0101s kult\u016bras medija uztur\u0113\u0161anu un \u0161\u012bs industrijas satura aprites nodro\u0161in\u0101\u0161anu interneta vid\u0113. T\u0101 ir probl\u0113ma vis\u0101 pasaul\u0113. Bet Tev ir iesp\u0113ja atbalst\u012bt KULTURASINDUSTRIJA.LV satura platformu. Vienalga, vai Tu esi valsts iest\u0101de, sabiedriska organiz\u0101cija, vai ar\u012b v\u0113lies b\u016bt priv\u0101ts partneris, Tev ir iesp\u0113ja atblast\u012bt KULTURASINDUSTRIJA.LV satura past\u0101v\u0113\u0161anu, vienlaic\u012bgi d\u0101v\u0101jot iesp\u0113ju uzlabot t\u0101 kvalit\u0101tes. Par KULTURASINDUSTRIJA.LV autoru: <a href=\"https:\/\/kulturasindustrija.lv\/blogs\/atbalstitajiem\/kulturasindustrija-autora-sleja\/\"><span style=\"color:green;\">uzzini vair\u0101k \u00bb<\/span><\/a><br \/>\n<a name=\"uzticibasgrants\">&nbsp;<\/a><\/p>\n<h3 style=\"color:gray; text-align:center;margin-left:-13px;\">Tavs ziedojums pal\u012bdz\u0113s att\u012bst\u012bt \u0161\u012bs vietnes satura kvalit\u0101tes<\/h3>\n<div style=\"text-align:center;\">\n<form action=\"https:\/\/www.paypal.com\/cgi-bin\/webscr\" method=\"post\">\n<input type=\"hidden\" name=\"cmd\" value=\"_s-xclick\"\/><br \/>\n<input type=\"hidden\" name=\"hosted_button_id\" value=\"ZET2FKRL9XFVU\"\/><br \/>\n<input type=\"image\" src=\"https:\/\/www.paypalobjects.com\/en_US\/i\/btn\/btn_donateCC_LG.gif\" border=\"0\" name=\"submit\" alt=\"PayPal - The safer, easier way to pay online!\"\/><br \/>\n<img loading=\"lazy\" decoding=\"async\" alt=\"\" border=\"0\" src=\"https:\/\/www.paypalobjects.com\/en_US\/i\/scr\/pixel.gif\" width=\"1\" height=\"1\"\/><br \/>\n<\/form>\n<p>Maks\u0101jumu dro\u0161\u012bbu garant\u0113 PayPal<\/p><\/div>\n<p><a name=\"uzticibasgranti\">&nbsp;<\/a><\/p>\n<h2>Rado\u0161\u0101s kult\u016bras industrija Uztic\u012bbas Granta mekl\u0113jumos<\/h2>\n<div class=\"kultu-into-content-1\" id=\"kultu-3271134791\"><div style=\"margin-top: 10px;margin-right: -30px;margin-bottom: 10px;margin-left: 20px;float: right;width: 120px;height: 240px;\" id=\"kultu-100286622\"><script async src=\"\/\/pagead2.googlesyndication.com\/pagead\/js\/adsbygoogle.js?client=ca-pub-6504811688609745\" crossorigin=\"anonymous\"><\/script><ins class=\"adsbygoogle\" style=\"display:inline-block;width:120px;height:240px;\" \ndata-ad-client=\"ca-pub-6504811688609745\" \ndata-ad-slot=\"5551060195\"><\/ins> \n<script> \n(adsbygoogle = window.adsbygoogle || []).push({}); \n<\/script>\n<\/div><\/div><p><strong>Ir t\u0101ds teiciens:<\/strong> kur se\u0161i amati, tur sept\u012btais ir bads. M\u0113s katrs v\u0113lamies att\u012bst\u012bties un b\u016bt profesion\u0101li sav\u0101 darb\u012bbas jom\u0101, tom\u0113r atduramies pret to, ka visu vienlaic\u012bgi nepasp\u0113t. Rado\u0161s darbs, lai nodro\u0161in\u0101tu baud\u0101mus rezult\u0101tus, k\u0101 jebkura cita nodarbe pieprasa vair\u0101k vai maz\u0101k nep\u0101rtrauktu uzman\u012bbu. <\/p><div class=\"kultu-in-content-2-1\" id=\"kultu-3565738243\"><div style=\"margin-top: 20px;margin-right: auto;margin-bottom: 20px;margin-left: auto;text-align: center;\" id=\"kultu-2527259311\"><div style=\"margin-left:-10px; background-color: white;\">\n<p><center><\/p>\n<div align=\"center\">\n<script async src=\"https:\/\/pagead2.googlesyndication.com\/pagead\/js\/adsbygoogle.js\"><\/script><br \/>\n<!-- pbad --><br \/>\n<ins class=\"adsbygoogle\"\n     style=\"display:block\"\n     data-ad-client=\"ca-pub-6504811688609745\"\n     data-ad-slot=\"8248313425\"\n     data-matched-content-ui-type=\"image_card_stacked\"\n     data-matched-content-rows-num=\"1\"\n     data-matched-content-columns-num=\"3\"\n     data-ad-format=\"autorelaxed\"><\/ins><br \/>\n<script>\n(adsbygoogle = window.adsbygoogle || []).push({});\n\t\t<\/script><\/p>\n<\/div>\n<p><\/center><\/div>\n<p><\/p>\n<\/div><\/div>\n<p style=\"font-size:13px;text-align:right;color:gray;\">Br\u012bd\u012b, kad m\u0113s skaisti izsak\u0101mies, dar\u012b\u0161ana s\u0101k atpalikt no run\u0101\u0161anas.<br \/>\nKad mums pieprasa izteikties v\u0113l iespaid\u012bg\u0101k, pati t\u0101 dar\u012b\u0161ana nob\u0101l un izbal\u0113.<\/p>\n<p>Un br\u012bd\u012b, kad \u0161\u012b uzman\u012bba tiek neviet\u0101 sadrumstalota radik\u0101li pret\u0113j\u0101s nodarb\u0113s, rodas samoc\u012btas v\u0113rt\u012bbas jeb nev\u0113rt\u012bgi virspus\u012bgs darbs. \u0160\u0101d\u0101m situ\u0101cij\u0101m labs un, iesp\u0113jams, ar\u012b vien\u012bgais risin\u0101jums ir finans\u0113juma piesaistes mened\u017ements.<\/p>\n<h2>Ide\u0101lais finans\u0113juma pie\u0161\u0137ir\u0161anas modelis rado\u0161aj\u0101m kult\u016bras industrij\u0101m<\/h2>\n<p>KULTURASINDUSTRIJA.LV ierosina ide\u0101lo finans\u0113juma pie\u0161\u0137ir\u0161anas modeli rado\u0161aj\u0101m kult\u016bras industrij\u0101m. Proti, Latvij\u0101 nav mazums strukt\u016brvien\u012bbu, kuras tie\u0161i vai netie\u0161i ir saist\u012btas ar finans\u0113juma sadali kult\u016bras jom\u0101. Un, pie\u013cauju, \u0161\u012b birokr\u0101tisk\u0101 apar\u0101ta uztur\u0113\u0161anai tiek t\u0113r\u0113ti apjom\u012bgi finan\u0161u resursi. Bet j\u0101jaut\u0101, vai Tu k\u0101 rado\u0161\u0101s kult\u016bras industrijas p\u0101rst\u0101vis esi sa\u0146\u0113mis kaut vienu zvanu vai e-pastu no \u0161\u012b birokr\u0101tisk\u0101 apar\u0101ta ar pied\u0101v\u0101jumu piemekl\u0113t finans\u0113jumu tie\u0161i Tavam projektam? Bet tas var\u0113tu b\u016bt efekt\u012bv\u0101kais veids, k\u0101 rado\u0161\u0101s kult\u016bras industrijas m\u0101ksliniekiem sa\u0146emt finansi\u0101lo atbalstu savai jau eso\u0161ai r\u016bpalai, pa\u0161iem \u012bpa\u0161i nelauzot par to galvu, vai vi\u0146a rado\u0161\u0101 brig\u0101de, projekts b\u016bs vai neb\u016bs k\u0101rt\u0113j\u0101 kaut kur izsludin\u0101t\u0101 finans\u0113juma pie\u0161\u0137ir\u0161anas konkursa form\u0101ta cien\u012bgs.<\/p>\n<p style=\"font-size:13px;text-align:left;color:gray;\">Atbalsti \u0161o koncepciju, daloties ar to soci\u0101lajos t\u012bklos!<\/p>\n<h3 style=\"color:gray; text-align:right;margin-right:-13px;\">Industrijas mened\u017ementa tr\u012bs so\u013ci pret\u012bm rado\u0161\u0101s kult\u016bras lab\u0101kai dz\u012bvei:<\/h3><div class=\"kultu-in-content-2\" id=\"kultu-3120457766\"><div style=\"margin-top: 10px;margin-right: 20px;margin-bottom: 10px;float: left;\" id=\"kultu-1059041571\"><script async src=\"\/\/pagead2.googlesyndication.com\/pagead\/js\/adsbygoogle.js?client=ca-pub-6504811688609745\" crossorigin=\"anonymous\"><\/script><ins class=\"adsbygoogle\" style=\"display:block;\" data-ad-client=\"ca-pub-6504811688609745\" \ndata-ad-slot=\"2457992992\" \ndata-ad-format=\"auto\"><\/ins>\n<script> \n(adsbygoogle = window.adsbygoogle || []).push({}); \n<\/script>\n<\/div><\/div>\n<p style=\"text-align:right;\"><strong>&#8211; apzinies perspekt\u012bvu: jau darb\u012bb\u0101 eso\u0161us projektus kult\u016bras rado\u0161\u0101s industrijas jom\u0101;<br \/>\n&#8211; izv\u0113rt\u0113 to potenci\u0101lu un iesp\u0113jas konkr\u0113to projektu finansi\u0101li atbalst\u012bt;<br \/>\n&#8211; sazinies ar konkr\u0113t\u0101s rado\u0161as brig\u0101des vai projekta vad\u012bt\u0101ju un pavaic\u0101: k\u0101 varam pal\u012bdz\u0113t?<\/strong><\/p>\n<p>Uzs\u0101kot \u0161\u0101du kust\u012bbu, esmu p\u0101rliecin\u0101ts, b\u016bs neiedom\u0101jami liela atsauc\u012bba. Kult\u016bras rado\u0161\u0101s industrijas p\u0101rst\u0101vji pa\u0161i uzs\u0101ks public\u0113t poz\u012bcijas, kur\u0101s t\u0101m b\u016btu nepiecie\u0161ams finans\u0113jums. Un tad jau daudz konkr\u0113t\u0101k kult\u016bras strukt\u016brvien\u012bbu birokr\u0101tiskais apar\u0101ts var\u0113s uzrun\u0101t konkr\u0113tos rado\u0161o industriju projektu vad\u012bt\u0101jus, lai diskut\u0113tu, k\u0101 sal\u0101got finans\u0113juma mode\u013cu pie\u0161\u0137ir\u0161anas pras\u012bbas ar konkr\u0113t\u0101s kult\u016bras rado\u0161\u0101s brig\u0101des vai projektu att\u012bst\u012bbas iesp\u0113j\u0101m un vajadz\u012bb\u0101m.<\/p>\n<h2>Kult\u016bras rado\u0161\u0101s industrijas mened\u017ementam<\/h2>\n<p><strong>Saskat\u012bji perspekt\u012bvu, atbalsti!<\/strong> Aicinu iedarbin\u0101t meh\u0101nismu, kura ietvaros nevis rado\u0161ie indiv\u012bdi un to brig\u0101des b\u016btu spiesti med\u012bt finans\u0113jumu savai rado\u0161\u0101s darb\u012bbas att\u012bst\u012bbai, bet gan \u0161is finans\u0113jums ar finans\u0113juma piesaistes mened\u017ementa starpniec\u012bbu pats tos atrastu, uzrun\u0101tu, adapt\u0113tu..<\/p>\n<h3 style=\"text-align:center;\">Sazinies ar mani:<\/h3>\n<div class=\"kultu-in-content-4\" style=\"text-align: center;\" id=\"kultu-2188594713\"><div style=\"margin-left: auto;margin-right: auto;text-align: center;\" id=\"kultu-359470594\"><h2 style=\"text-align: left;\">K\u0101p\u0113c skat\u012bties filmas online &#8211; internet\u0101,- nevis kinote\u0101tr\u012b<\/h2>\n<p style=\"text-align: left;\"><span style=\"font-size: 22px;\">\ud83e\uddd0\u00a0 <\/span> <strong><a title=\"Kur skat\u012bties filmas internet\u0101 on TV online leg\u0101li, ar\u012b bezmaksas\" href=\"https:\/\/kulturasindustrija.lv\/filmas\/\" target=\"_blank\" rel=\"follow noopener noreferrer\">Kur skat\u012bties filmas<\/a> &#8211; proti, vai doties uz kinote\u0101tri, lai izv\u0113l\u0113to filmu noskat\u012btos tur, vai ar\u012b \u0161o filmu mekl\u0113t internet\u0101, lai to skat\u012btos k\u0101d\u0101 no online kinote\u0101triem, interneta TV vai filmu platform\u0101m tie\u0161saist\u0113? Pie tam, k\u0101p\u0113c skat\u012bties filmas internet\u0101, ja t\u0101s var noskat\u012bties kinote\u0101tros? T\u0101di jaut\u0101jumi var rasties ne vienam vien kino cien\u012bt\u0101jam pirms savas izv\u0113les par labu k\u0101dai no iesp\u0113j\u0101m. <\/strong><\/p>\n<p style=\"text-align: left;\">Lai nosv\u0113rtos par labu vienai vai otrai izv\u0113lei &#8211; skat\u012bties filmas internet\u0101 vai kl\u0101tien\u0113 Latvijas kinote\u0101tros,- izv\u0113rt\u0113sim m\u016bsu k\u0101 kino baud\u012bt\u0101ju priorit\u0101tes. Piem\u0113ram, vai ir v\u0113rts atk\u0101rtoti doties uz kinote\u0101tri, ja filma, ko v\u0113laties noskat\u012bties, ir jau k\u0101dreiz redz\u0113ta? Varb\u016bt filmu, ko v\u0113laties noskat\u012bties, ik pa laikam r\u0101da k\u0101d\u0101 no TV kan\u0101liem. Un t\u0101d\u0101 gad\u012bjum\u0101 \u0161o filmu reiz\u0113m varat skat\u012bties atk\u0101rtoti tie\u0161saist\u0113 TV, vai ar\u012b noskat\u012bties online TV arh\u012bv\u0101. Tom\u0113r, iesp\u0113jams, savu k\u0101 kino cien\u012bt\u0101ja baud\u012bjumu v\u0113laties pastiprin\u0101t ar iespaidiem, ko sp\u0113j sniegt vien\u012bgi lielie kinote\u0101tru ekr\u0101ni &#8211; it sevi\u0161\u0137i jau tad, ja ir runa par film\u0101m, kas balst\u012btas uz iespaid\u012bgiem kino kadriem. T\u0101das parasti m\u0113dz b\u016bt asa si\u017eeta filmas (piem\u0113ram, filmas par karu), trilleri un \u0161ausmenes, bet ne tikai &#8211; ar\u012b piedz\u012bvojumu filmas u.c.. Un t\u0101dos gad\u012bjumos visticam\u0101k izv\u0113le var\u0113tu nosv\u0113rties par labu tam, lai ar iespaidiem bag\u0101to filmu noskat\u012btos Latvijas kinote\u0101tros.<\/p>\n<p><center><script async src=\"https:\/\/pagead2.googlesyndication.com\/pagead\/js\/adsbygoogle.js?client=ca-pub-6504811688609745\"\n     crossorigin=\"anonymous\"><\/script><br \/>\n<ins class=\"adsbygoogle\"\n     style=\"display:block\"\n     data-ad-client=\"ca-pub-6504811688609745\"\n     data-ad-slot=\"4945843992\"\n     data-matched-content-ui-type=\"image_card_stacked\"\n     data-matched-content-rows-num=\"1\"\n     data-matched-content-columns-num=\"2\"\n     data-ad-format=\"autorelaxed\"><\/ins><br \/>\n<script>\n     (adsbygoogle = window.adsbygoogle || []).push({});\n<\/script><\/center><\/p>\n<p style=\"text-align: left;\">Kinote\u0101tra apmekl\u0113jums var b\u016bt ar\u012b k\u0101 laba izklaide ne tikai skatoties filmas vienam, bet ar\u012b kop\u0101 ar draugiem un randi\u0146\u0101 ar m\u012b\u013coto cilv\u0113ku &#8211; it sevi\u0161\u0137i jau tad, ja v\u0113laties izrauties no m\u0101jas rut\u012bnas, vai ar\u012b kino apmekl\u0113jums kalpo k\u0101 jaunas iepaz\u012b\u0161anas iemesls, piem\u0113ram, aklaj\u0101 randi\u0146\u0101.<\/p>\n<p style=\"text-align: left;\">Lai gan teju vai nekas nel\u012bdzin\u0101s kino baud\u012bjumam uz lielajiem ekr\u0101niem kinote\u0101tr\u012b kl\u0101tien\u0113, tom\u0113r reiz\u0113m citu ieteikt\u0101s popul\u0101r\u0101k\u0101s un pat jaun\u0101k\u0101s filmas ir v\u0113rts vispirms atrast k\u0101d\u0101 no filmu platform\u0101m internet\u0101, lai \u0161\u012bs filmas noskatoties kinote\u0101tr\u012b online, t\u0101 g\u016btu pirmos iespaidus. Pie tam, m\u016bsdienu m\u0101jas kinoz\u0101les izsmalcin\u0101tiem kino baud\u012bt\u0101jiem var\u0113tu b\u016bt k\u0101 priek\u0161roka tam, lai paliktu m\u0101j\u0101s skat\u012bties m\u0101kslas filmas m\u0101j\u012bg\u0101 gaisotn\u0113, \u0113rti iek\u0101rtojoties atp\u016btas kr\u0113sl\u0101. Nenoliedzami tie\u0161i diskr\u0113tums un m\u0101ju saj\u016bta var k\u013c\u016bt k\u0101 iz\u0161\u0137iro\u0161ais faktors tam, lai griba nosv\u0113rtos iecien\u012bt\u0101k\u0101s un jaun\u0101k\u0101s filmas skat\u012bties, paliekot m\u0101j\u0101s.<\/p>\n<p style=\"text-align: left;\"><img loading=\"lazy\" decoding=\"async\" class=\"alignleft size-thumbnail wp-image-11553\" style=\"margin-left: 10px;\" src=\"https:\/\/kulturasindustrija.lv\/blogs\/wp-content\/uploads\/2013\/07\/info_icon-poga.png\" alt=\"Kur skat\u012bties filmas internet\u0101 un k\u0101p\u0113c online kinote\u0101tr\u012b\" width=\"55\" height=\"55\" srcset=\"https:\/\/kulturasindustrija.lv\/blogs\/wp-content\/uploads\/2013\/07\/info_icon-poga.png 160w, https:\/\/kulturasindustrija.lv\/blogs\/wp-content\/uploads\/2013\/07\/info_icon-poga-150x150.png 150w\" sizes=\"auto, (max-width: 55px) 100vw, 55px\" \/>Uzzini, kuras no film\u0101m un k\u0101d\u0101 no interneta telev\u012bzijas platform\u0101m var skat\u012bties online bez maksas vai kop\u0101 ar TV abon\u0113\u0161anu, vai ar\u012b iznom\u0101t filmu nom\u0101: * <a class=\"w3-bar-item w3-button w3-hover-black\" title=\"Megogo kinote\u0101tris online * vieta, kur mekl\u0113t bezmaksas filmas internet\u0101\" href=\"https:\/\/kulturasindustrija.lv\/filmas\/\" rel=\"noopener noreferrer\">Megogo filmas \u00bb<\/a> * <a class=\"w3-bar-item w3-button w3-hover-black\" title=\"Go3 pied\u0101v\u0101 lab\u0101ko un izmekl\u0113t\u0101ko saturu, kas \u012bpa\u0161i un r\u016bp\u012bgi atlas\u012bts TV kan\u0101lu, seri\u0101lu un filmu m\u012b\u013cot\u0101jiem..\" href=\"https:\/\/kulturasindustrija.lv\/filmas\/\" rel=\"noopener noreferrer\">Go3 filmas \u00bb<\/a> * <a class=\"w3-bar-item w3-button w3-hover-black\" title=\"Tet+ cinema filmu noma internet\u0101, TV online un seri\u0101li\" href=\"https:\/\/kulturasindustrija.lv\/filmas\/\" rel=\"noopener noreferrer\">Tet cinema \u00bb<\/a><\/p>\n<\/div><\/div><div style=\"text-align:center;\">\n<div class=\"wpcf7 no-js\" id=\"wpcf7-f7620-o1\" lang=\"en-US\" dir=\"ltr\" data-wpcf7-id=\"7620\">\n<div class=\"screen-reader-response\"><p role=\"status\" aria-live=\"polite\" aria-atomic=\"true\"><\/p> <ul><\/ul><\/div>\n<form action=\"\/blogs\/wp-json\/wp\/v2\/pages\/9844#wpcf7-f7620-o1\" method=\"post\" class=\"wpcf7-form init\" aria-label=\"Contact form\" novalidate=\"novalidate\" data-status=\"init\">\n<fieldset class=\"hidden-fields-container\"><input type=\"hidden\" name=\"_wpcf7\" value=\"7620\" \/><input type=\"hidden\" name=\"_wpcf7_version\" value=\"6.1.4\" \/><input type=\"hidden\" name=\"_wpcf7_locale\" value=\"en_US\" \/><input type=\"hidden\" name=\"_wpcf7_unit_tag\" value=\"wpcf7-f7620-o1\" \/><input type=\"hidden\" name=\"_wpcf7_container_post\" value=\"0\" \/><input type=\"hidden\" name=\"_wpcf7_posted_data_hash\" value=\"\" \/>\n<\/fieldset>\n<p>V\u0101rds vai organiz\u0101cija (oblig\u0101ts)\n<\/p>\n<p><span class=\"wpcf7-form-control-wrap\" data-name=\"your-name\"><input size=\"40\" maxlength=\"400\" class=\"wpcf7-form-control wpcf7-text wpcf7-validates-as-required\" aria-required=\"true\" aria-invalid=\"false\" value=\"\" type=\"text\" name=\"your-name\" \/><\/span>\n<\/p>\n<p>Tavs e-pasts (oblig\u0101ts)\n<\/p>\n<p><span class=\"wpcf7-form-control-wrap\" data-name=\"your-email\"><input size=\"40\" maxlength=\"400\" class=\"wpcf7-form-control wpcf7-email wpcf7-validates-as-required wpcf7-text wpcf7-validates-as-email\" aria-required=\"true\" aria-invalid=\"false\" value=\"\" type=\"email\" name=\"your-email\" \/><\/span>\n<\/p>\n<p>Tavs pied\u0101v\u0101jums\n<\/p>\n<p><span class=\"wpcf7-form-control-wrap\" data-name=\"your-message\"><textarea cols=\"40\" rows=\"10\" maxlength=\"2000\" class=\"wpcf7-form-control wpcf7-textarea\" aria-invalid=\"false\" name=\"your-message\"><\/textarea><\/span>\n<\/p>\n<p><input class=\"wpcf7-form-control wpcf7-submit has-spinner\" type=\"submit\" value=\"Nos\u016bt\u012bt\" \/>\n<\/p><div class=\"wpcf7-response-output\" aria-hidden=\"true\"><\/div>\n<\/form>\n<\/div>\n<\/div>\n<div class=\"kultu-after-content\" id=\"kultu-917050456\"><div style=\"margin-top: 10px;margin-right: auto;margin-bottom: 20px;margin-left: auto;text-align: center;clear: both;\" id=\"kultu-3180660847\"><div style=\"margin-left:-10px; background-color: #d4d7db;\"><center><\/p>\n<div align=\"center\">\n<script async src=\"https:\/\/pagead2.googlesyndication.com\/pagead\/js\/adsbygoogle.js\"><\/script><br \/>\n<ins class=\"adsbygoogle\"\n     style=\"display:block; text-align:center;\"\n     data-ad-layout=\"in-article\"\n     data-ad-format=\"fluid\"\n     data-ad-client=\"ca-pub-6504811688609745\"\n     data-ad-slot=\"9862696972\"><\/ins><br \/>\n<script>\n     (adsbygoogle = window.adsbygoogle || []).push({});\n<\/script><\/p>\n<\/div>\n<p><\/center><\/div>\n<p><\/p>\n<\/div><br style=\"clear: both; display: block; float: none;\"\/><\/div><div class=\"kultu-after-content-1\" id=\"kultu-2333616034\"><br \/>\n<h2><span style=\"font-size: 13.5px;\"><strong>Kino m\u0101kslas un kult\u016bras arheolo\u0123ija &#8216;2025<\/strong><\/span><\/h2>\n<div style=\"margin-left: -15px;text-align:right;\">\n<table>\n<tbody>\n<tr>\n<td>\n<h3>KINOTE\u0100TRIS ONLINE pied\u0101v\u0101 le\u0123end\u0101ras filmas<\/h3>\n<p style=\"text-align:left;\">Le\u0123end\u0101ras filmas internet\u0101 &#8211; skat\u012bties PSRS (Padomju) laik\u0101 rad\u012bt\u0101s Mosfi\u013cm m\u0101kslas filmas krievu valod\u0101 un ar subtitriem, leg\u0101li un ori\u0123in\u0101l\u0101 kvalit\u0101t\u0113 online kinote\u0101tr\u012b bez maksas: <a title=\"Kinote\u0101tris online - skat\u012bties internet\u0101 bez maksas le\u0123end\u0101ras Mosfi\u013cm padomju laiku m\u0101kslas filmas leg\u0101li\" rel=\"nofollow noopener noreferrer\" href=\"https:\/\/kulturasindustrija.lv\/filmas\/bezmaksas-pluss-abonements\/#gsc.tab=0&#038;gsc.q=Mosfi%C4%BCm%20filmas\" onclick=\"window.open('https:\/\/megogo.net\/lv\/collection\/mosfilm\/','_blank', 'toolbar=yes,scrollbars=yes,resizable=yes,top=50,left=50,width=1050,height=690');\nreturn true;\"><span style=\"color:green;font-weight:bold\">dv\u0113seliskais padomju kino drudzis \u00bb<\/span><\/a><\/p>\n<p><strong> <\/strong><\/p>\n<p><a title=\"Kinote\u0101tris online - skat\u012bties internet\u0101 bez maksas le\u0123end\u0101ras Mosfi\u013cm padomju laiku m\u0101kslas filmas\" rel=\"nofollow\" href=\"https:\/\/kulturasindustrija.lv\/filmas\/bezmaksas-pluss-abonements\/#gsc.tab=0&#038;gsc.q=Mosfi%C4%BCm%20filmas\" onclick=\"window.open('https:\/\/megogo.net\/lv\/collection\/mosfilm\/','_blank', 'toolbar=yes,scrollbars=yes,resizable=yes,top=50,left=50,width=1050,height=690');\nreturn true;\"><img decoding=\"async\" class=\"center\" \n height=\"85\" alt=\"Kinote\u0101tris online - skat\u012bties internet\u0101 bez maksas le\u0123end\u0101ras Mosfi\u013cm padomju laiku m\u0101kslas filmas leg\u0101li\" title=\"Kinote\u0101tris online - skat\u012bties internet\u0101 leg\u0101li bez maksas le\u0123end\u0101ras Mosfi\u013cm padomju laiku m\u0101kslas filmas\" src=\"https:\/\/kulturasindustrija.lv\/blogs\/wp-content\/uploads\/2016\/07\/poga-mosfilm.png\"\/><\/a><\/p>\n<p><strong> <\/strong><\/p>\n<p style=\"text-align:right;\">Mosfi\u013cm &#8211; t\u0101 ir viena no vec\u0101kaj\u0101m un liel\u0101kaj\u0101m kinostudij\u0101m biju\u0161aj\u0101 Padomju Savien\u012bb\u0101. Mosfi\u013cm kinostudija savas 90 gadu past\u0101v\u0113\u0161anas laik\u0101 ir produc\u0113jusi vair\u0101k k\u0101 2500 pilnmetr\u0101\u017eas filmas. \u0160obr\u012bd kinostudija Mosfi\u013cm ir ieguvusi kinokoncerna statusu, kas sp\u0113j produc\u0113t vair\u0101k k\u0101 simts filmas gad\u0101. Kinostudij\u0101 Mosfi\u013cm tiek film\u0113tas ikviena \u017eanra filmas. Liel\u0101kais vair\u0101kums Krievijas filmas, seri\u0101li u.c. kinoprodukcija tiek rad\u012bta tie\u0161i Mosfi\u013cm pasp\u0101rn\u0113<\/p>\n<p><strong> <\/strong><\/p>\n<p style=\"text-align:left;\"><img loading=\"lazy\" decoding=\"async\" class=\"alignleft size-full wp-image-11553\" style=\"margin-left: 10px;\" src=\"https:\/\/kulturasindustrija.lv\/blogs\/wp-content\/uploads\/2013\/07\/info_icon-poga.png\" alt=\"Filmas online un kult\u016bra * kino m\u0101ksla k\u0101 uz delnas\" width=\"55\" height=\"55\" srcset=\"https:\/\/kulturasindustrija.lv\/blogs\/wp-content\/uploads\/2013\/07\/info_icon-poga.png 160w, https:\/\/kulturasindustrija.lv\/blogs\/wp-content\/uploads\/2013\/07\/info_icon-poga-150x150.png 150w\" sizes=\"auto, (max-width: 55px) 100vw, 55px\" \/>Kinostudij\u0101 Mosfi\u013cm rad\u012bt\u0101s m\u0101kslas filmas daudzas iek\u013cautas ne tikai PSRS vai Krievijas, bet ar\u012b pasaules kino zelta fond\u0101.<\/p>\n<p><strong> <\/strong><br \/>\n<script async src=\"\/\/pagead2.googlesyndication.com\/pagead\/js\/adsbygoogle.js\"><\/script><br \/>\n<!-- Kulturasin-3 --><br \/>\n<ins class=\"adsbygoogle\"\n     style=\"display:inline-block;width:320px;height:100px\"\n     data-ad-client=\"ca-pub-6504811688609745\"\n     data-ad-slot=\"5782034990\"><\/ins><br \/>\n<script>\n(adsbygoogle = window.adsbygoogle || []).push({});\n<\/script>\n<\/td>\n<td width=\"30\"><\/td>\n<td width=\"330\">\n<div style=\"background-color: #d4d7db;\">\n<p><center>TAS VAR\u0112TU TEVI INTERES\u0112T<script async src=\"\/\/pagead2.googlesyndication.com\/pagead\/js\/adsbygoogle.js\"><\/script><br \/>\n<!-- kulturasin 300x600 --><br \/>\n<ins class=\"adsbygoogle\" style=\"display: inline-block; width: 300px; height: 600px;\" data-ad-client=\"ca-pub-6504811688609745\" data-ad-slot=\"3596964590\"><\/ins><br \/>\n<script>\n(adsbygoogle = window.adsbygoogle || []).push({});\n<\/script><\/center><\/p>\n<\/div>\n<\/td>\n<\/tr>\n<\/tbody>\n<\/table>\n<\/div>\n<\/div>","protected":false},"excerpt":{"rendered":"<p>Iesp\u0113jams, Tevi p\u0101rsteigs zi\u0146a, ka ien\u0101kumi no rekl\u0101mvides sp\u0113j segt tikai nelielu da\u013cu no izdevumiem, kuri saist\u0101s ar neliela vai vid\u0113ja apjoma rado\u0161\u0101s kult\u016bras medija uztur\u0113\u0161anu un \u0161\u012bs industrijas satura aprites nodro\u0161in\u0101\u0161anu interneta vid\u0113. T\u0101 ir probl\u0113ma vis\u0101 pasaul\u0113. Bet Tev ir iesp\u0113ja atbalst\u012bt KULTURASINDUSTRIJA.LV satura platformu. Vienalga, vai Tu esi valsts iest\u0101de, sabiedriska organiz\u0101cija, [&hellip;]<\/p>\n","protected":false},"author":1,"featured_media":0,"parent":4363,"menu_order":6,"comment_status":"open","ping_status":"closed","template":"","meta":{"footnotes":""},"class_list":["post-9844","page","type-page","status-publish","hentry"],"aioseo_notices":[],"_links":{"self":[{"href":"https:\/\/kulturasindustrija.lv\/blogs\/wp-json\/wp\/v2\/pages\/9844","targetHints":{"allow":["GET"]}}],"collection":[{"href":"https:\/\/kulturasindustrija.lv\/blogs\/wp-json\/wp\/v2\/pages"}],"about":[{"href":"https:\/\/kulturasindustrija.lv\/blogs\/wp-json\/wp\/v2\/types\/page"}],"author":[{"embeddable":true,"href":"https:\/\/kulturasindustrija.lv\/blogs\/wp-json\/wp\/v2\/users\/1"}],"replies":[{"embeddable":true,"href":"https:\/\/kulturasindustrija.lv\/blogs\/wp-json\/wp\/v2\/comments?post=9844"}],"version-history":[{"count":0,"href":"https:\/\/kulturasindustrija.lv\/blogs\/wp-json\/wp\/v2\/pages\/9844\/revisions"}],"up":[{"embeddable":true,"href":"https:\/\/kulturasindustrija.lv\/blogs\/wp-json\/wp\/v2\/pages\/4363"}],"wp:attachment":[{"href":"https:\/\/kulturasindustrija.lv\/blogs\/wp-json\/wp\/v2\/media?parent=9844"}],"curies":[{"name":"wp","href":"https:\/\/api.w.org\/{rel}","templated":true}]}}